{"id":29,"date":"2021-12-15T08:24:22","date_gmt":"2021-12-15T07:24:22","guid":{"rendered":"http:\/\/bialydunajec.com.pl\/dla-turysty\/?page_id=29"},"modified":"2022-05-10T23:55:12","modified_gmt":"2022-05-10T21:55:12","slug":"z-generalem-galica-po-bialym-dunajcu","status":"publish","type":"page","link":"http:\/\/bialydunajec.com.pl\/dla-turysty\/atrakcje-turystyczne\/z-generalem-galica-po-bialym-dunajcu\/","title":{"rendered":"Z genera\u0142em Galic\u0105 po Bia\u0142ym Dunajcu"},"content":{"rendered":"\n<p>Quest wiedzie ulicami Bia\u0142ego Dunajca, po kt\u00f3rym prowadzi nas urodzony tutaj <strong>genera\u0142 Andrzej Galica <\/strong>\u2013 tw\u00f3rca Pu\u0142k\u00f3w Strzelc\u00f3w Podhala\u0144skich. Quest to gra terenowa, w kt\u00f3rej nale\u017cy uwa\u017cnie czyta\u0107 wskaz\u00f3wki i rozwi\u0105zywa\u0107 zagadki, by otrzyma\u0107 ko\u0144cowe has\u0142o prowadz\u0105ce do skarbu &#8211; pami\u0105tkowej piecz\u0119ci!<\/p>\n\n\n\n<figure class=\"wp-block-gallery has-nested-images columns-default is-cropped wp-block-gallery-1 is-layout-flex wp-block-gallery-is-layout-flex\">\n<figure class=\"wp-block-image size-large is-style-default\"><a href=\"http:\/\/bialydunajec.com.pl\/dla-turysty\/wp-content\/uploads\/sites\/2\/2022\/04\/1-1.jpg\" rel=\"lightbox[29]\"><img loading=\"lazy\" decoding=\"async\" width=\"1200\" height=\"565\" data-id=\"908\" src=\"http:\/\/bialydunajec.com.pl\/dla-turysty\/wp-content\/uploads\/sites\/2\/2022\/04\/1-1-1200x565.jpg\" alt=\"\" class=\"wp-image-908\" srcset=\"http:\/\/bialydunajec.com.pl\/dla-turysty\/wp-content\/uploads\/sites\/2\/2022\/04\/1-1-1200x565.jpg 1200w, http:\/\/bialydunajec.com.pl\/dla-turysty\/wp-content\/uploads\/sites\/2\/2022\/04\/1-1.jpg 1490w\" sizes=\"auto, (max-width: 1200px) 100vw, 1200px\" \/><\/a><\/figure>\n<\/figure>\n\n\n\n<div style=\"height:15px\" aria-hidden=\"true\" class=\"wp-block-spacer\"><\/div>\n\n\n\n<p>Quest powsta\u0142 podczas realizacji projektu <strong>\u201eNa samym przedzie Galica jedzie\u201d\u2026 Bia\u0142odunajczanie w walce o Niepodleg\u0142\u0105\u201d<\/strong>, dofinansowanego ze \u015brodk\u00f3w Programu Wieloletniego <strong>NIEPODLEG\u0141A<\/strong> na lata 2017-2022. <\/p>\n\n\n\n<p>Quest dost\u0119pny w formie <strong>ulotki<\/strong> do wydruku lub w <strong>aplikacji mobilnej<\/strong> Questy Wyprawy Odkrywc\u00f3w. <\/p>\n\n\n\n<div style=\"height:20px\" aria-hidden=\"true\" class=\"wp-block-spacer\"><\/div>\n\n\n\n<div data-wp-interactive=\"core\/file\" class=\"wp-block-file\"><object data-wp-bind--hidden=\"!state.hasPdfPreview\" hidden class=\"wp-block-file__embed\" data=\"http:\/\/bialydunajec.com.pl\/dla-turysty\/wp-content\/uploads\/sites\/2\/2022\/04\/Quest-z-Generalem-Galica-po-Bialym-Dunajcu.pdf\" type=\"application\/pdf\" style=\"width:100%;height:600px\" aria-label=\"Osadzone z Osadzone z Quest z Genera\u0142em Galic\u0105 po Bia\u0142ym Dunajcu..\"><\/object><a id=\"wp-block-file--media-ffcc86bb-a361-4e89-b8fa-20df49d0055b\" href=\"http:\/\/bialydunajec.com.pl\/dla-turysty\/wp-content\/uploads\/sites\/2\/2022\/04\/Quest-z-Generalem-Galica-po-Bialym-Dunajcu.pdf\">Quest z Genera\u0142em Galic\u0105 po Bia\u0142ym Dunajcu<\/a><a href=\"http:\/\/bialydunajec.com.pl\/dla-turysty\/wp-content\/uploads\/sites\/2\/2022\/04\/Quest-z-Generalem-Galica-po-Bialym-Dunajcu.pdf\" class=\"wp-block-file__button\" download aria-describedby=\"wp-block-file--media-ffcc86bb-a361-4e89-b8fa-20df49d0055b\">Pobierz<\/a><\/div>\n\n\n\n<p> <\/p>\n\n\n\n<p><\/p>\n","protected":false},"excerpt":{"rendered":"<p>Quest wiedzie ulicami Bia\u0142ego Dunajca, po kt\u00f3rym prowadzi nas urodzony tutaj genera\u0142 Andrzej Galica \u2013 tw\u00f3rca Pu\u0142k\u00f3w Strzelc\u00f3w Podhala\u0144skich. Quest to gra terenowa, w kt\u00f3rej nale\u017cy uwa\u017cnie czyta\u0107 wskaz\u00f3wki i rozwi\u0105zywa\u0107 zagadki, by otrzyma\u0107 ko\u0144cowe has\u0142o prowadz\u0105ce do skarbu &#8211; pami\u0105tkowej piecz\u0119ci! Quest powsta\u0142 podczas realizacji projektu \u201eNa samym przedzie Galica jedzie\u201d\u2026 Bia\u0142odunajczanie w walce&#8230;<\/p>\n","protected":false},"author":1,"featured_media":0,"parent":17,"menu_order":0,"comment_status":"closed","ping_status":"closed","template":"","meta":{"footnotes":""},"class_list":["post-29","page","type-page","status-publish","hentry"],"_links":{"self":[{"href":"http:\/\/bialydunajec.com.pl\/dla-turysty\/wp-json\/wp\/v2\/pages\/29","targetHints":{"allow":["GET"]}}],"collection":[{"href":"http:\/\/bialydunajec.com.pl\/dla-turysty\/wp-json\/wp\/v2\/pages"}],"about":[{"href":"http:\/\/bialydunajec.com.pl\/dla-turysty\/wp-json\/wp\/v2\/types\/page"}],"author":[{"embeddable":true,"href":"http:\/\/bialydunajec.com.pl\/dla-turysty\/wp-json\/wp\/v2\/users\/1"}],"replies":[{"embeddable":true,"href":"http:\/\/bialydunajec.com.pl\/dla-turysty\/wp-json\/wp\/v2\/comments?post=29"}],"version-history":[{"count":10,"href":"http:\/\/bialydunajec.com.pl\/dla-turysty\/wp-json\/wp\/v2\/pages\/29\/revisions"}],"predecessor-version":[{"id":1160,"href":"http:\/\/bialydunajec.com.pl\/dla-turysty\/wp-json\/wp\/v2\/pages\/29\/revisions\/1160"}],"up":[{"embeddable":true,"href":"http:\/\/bialydunajec.com.pl\/dla-turysty\/wp-json\/wp\/v2\/pages\/17"}],"wp:attachment":[{"href":"http:\/\/bialydunajec.com.pl\/dla-turysty\/wp-json\/wp\/v2\/media?parent=29"}],"curies":[{"name":"wp","href":"https:\/\/api.w.org\/{rel}","templated":true}]}}